{"id":223,"date":"2016-11-16T09:44:35","date_gmt":"2016-11-16T08:44:35","guid":{"rendered":"http:\/\/archi-noesis.fr\/?page_id=223"},"modified":"2021-07-20T17:50:38","modified_gmt":"2021-07-20T15:50:38","slug":"journal-annecy-diy-inspiration-geneve","status":"publish","type":"page","link":"https:\/\/archi-noesis.fr\/index.php\/journal-annecy-diy-inspiration-geneve\/","title":{"rendered":"JOURNAL"},"content":{"rendered":"<p>[et_pb_section fb_built=\u00a0\u00bb1&Prime; custom_padding_last_edited=\u00a0\u00bbon|desktop\u00a0\u00bb admin_label=\u00a0\u00bbsection\u00a0\u00bb _builder_version=\u00a0\u00bb3.22&Prime; custom_padding_tablet=\u00a0\u00bb50px|0|50px|0&Prime; custom_padding_phone=\u00a0\u00bb\u00a0\u00bb transparent_background=\u00a0\u00bboff\u00a0\u00bb padding_mobile=\u00a0\u00bboff\u00a0\u00bb make_fullwidth=\u00a0\u00bboff\u00a0\u00bb use_custom_width=\u00a0\u00bboff\u00a0\u00bb width_unit=\u00a0\u00bboff\u00a0\u00bb custom_width_px=\u00a0\u00bb1080px\u00a0\u00bb custom_width_percent=\u00a0\u00bb80%\u00a0\u00bb][et_pb_row _builder_version=\u00a0\u00bb3.28&Prime;][et_pb_column type=\u00a0\u00bb4_4&Prime; _builder_version=\u00a0\u00bb3.28&Prime;][et_pb_image src=\u00a0\u00bbhttps:\/\/archi-noesis.fr\/wp-content\/uploads\/2019\/11\/Logo-Noesis-VF.png\u00a0\u00bb alt=\u00a0\u00bbLogo Noesis Architecture Int\u00e9rieure et D\u00e9coration Annecy\u00a0\u00bb url=\u00a0\u00bbhttps:\/\/archi-noesis.fr\/\u00a0\u00bb align=\u00a0\u00bbcenter\u00a0\u00bb align_tablet=\u00a0\u00bbcenter\u00a0\u00bb align_phone=\u00a0\u00bb\u00a0\u00bb align_last_edited=\u00a0\u00bbon|desktop\u00a0\u00bb _builder_version=\u00a0\u00bb4.9.7&Prime; width=\u00a0\u00bb31%\u00a0\u00bb width_tablet=\u00a0\u00bb\u00a0\u00bb width_phone=\u00a0\u00bb\u00a0\u00bb width_last_edited=\u00a0\u00bbon|phone\u00a0\u00bb max_width=\u00a0\u00bb300%\u00a0\u00bb max_width_tablet=\u00a0\u00bb300px\u00a0\u00bb max_width_phone=\u00a0\u00bb300px\u00a0\u00bb max_width_last_edited=\u00a0\u00bbon|desktop\u00a0\u00bb max_height=\u00a0\u00bb1000px\u00a0\u00bb custom_margin=\u00a0\u00bb-30px||0px|\u00a0\u00bb custom_margin_tablet=\u00a0\u00bb40px||20px|\u00a0\u00bb custom_margin_phone=\u00a0\u00bb\u00a0\u00bb custom_margin_last_edited=\u00a0\u00bbon|tablet\u00a0\u00bb use_border_color=\u00a0\u00bboff\u00a0\u00bb always_center_on_mobile=\u00a0\u00bbon\u00a0\u00bb]&nbsp;<br \/>\n[\/et_pb_image][\/et_pb_column][\/et_pb_row][et_pb_row padding_mobile=\u00a0\u00bboff\u00a0\u00bb make_equal=\u00a0\u00bbon\u00a0\u00bb column_padding_mobile=\u00a0\u00bbon\u00a0\u00bb admin_label=\u00a0\u00bbrow\u00a0\u00bb _builder_version=\u00a0\u00bb4.4.1&Prime; background_size=\u00a0\u00bbinitial\u00a0\u00bb background_position=\u00a0\u00bbtop_left\u00a0\u00bb background_repeat=\u00a0\u00bbrepeat\u00a0\u00bb make_fullwidth=\u00a0\u00bboff\u00a0\u00bb use_custom_width=\u00a0\u00bboff\u00a0\u00bb width_unit=\u00a0\u00bboff\u00a0\u00bb custom_width_px=\u00a0\u00bb1080px\u00a0\u00bb custom_width_percent=\u00a0\u00bb80%\u00a0\u00bb][et_pb_column type=\u00a0\u00bb4_4&Prime; _builder_version=\u00a0\u00bb3.25&Prime; custom_padding=\u00a0\u00bb|||\u00a0\u00bb custom_padding__hover=\u00a0\u00bb|||\u00a0\u00bb][et_pb_blog fullwidth=\u00a0\u00bboff\u00a0\u00bb posts_number=\u00a0\u00bb100&Prime; include_categories=\u00a0\u00bb11,14,13,17,12,16,1,15&Prime; show_comments=\u00a0\u00bbon\u00a0\u00bb _builder_version=\u00a0\u00bb4.4.1&Prime; header_font=\u00a0\u00bb|on|||\u00a0\u00bb meta_font=\u00a0\u00bb||on||\u00a0\u00bb meta_font_size=\u00a0\u00bb11&Prime; meta_line_height=\u00a0\u00bb1.6em\u00a0\u00bb box_shadow_style=\u00a0\u00bbpreset1&Prime; box_shadow_vertical=\u00a0\u00bb1px\u00a0\u00bb box_shadow_blur=\u00a0\u00bb5px\u00a0\u00bb box_shadow_color=\u00a0\u00bbrgba(0,0,0,.1)\u00a0\u00bb use_border_color=\u00a0\u00bboff\u00a0\u00bb border_color=\u00a0\u00bb#ffffff\u00a0\u00bb border_width=\u00a0\u00bb1px\u00a0\u00bb border_style=\u00a0\u00bbsolid\u00a0\u00bb use_dropshadow=\u00a0\u00bbon\u00a0\u00bb][\/et_pb_blog][\/et_pb_column][\/et_pb_row][et_pb_row padding_mobile=\u00a0\u00bboff\u00a0\u00bb column_padding_mobile=\u00a0\u00bbon\u00a0\u00bb _builder_version=\u00a0\u00bb3.25&Prime; background_size=\u00a0\u00bbinitial\u00a0\u00bb background_position=\u00a0\u00bbtop_left\u00a0\u00bb background_repeat=\u00a0\u00bbrepeat\u00a0\u00bb make_fullwidth=\u00a0\u00bboff\u00a0\u00bb use_custom_width=\u00a0\u00bboff\u00a0\u00bb width_unit=\u00a0\u00bboff\u00a0\u00bb custom_width_px=\u00a0\u00bb1080px\u00a0\u00bb custom_width_percent=\u00a0\u00bb80%\u00a0\u00bb][et_pb_column type=\u00a0\u00bb4_4&Prime; _builder_version=\u00a0\u00bb3.25&Prime; custom_padding=\u00a0\u00bb|||\u00a0\u00bb custom_padding__hover=\u00a0\u00bb|||\u00a0\u00bb][et_pb_social_media_follow _builder_version=\u00a0\u00bb4.9.9&Prime; hover_enabled=\u00a0\u00bb0&Prime; border_radii=\u00a0\u00bbon|100%|100%|100%|100%\u00a0\u00bb link_shape=\u00a0\u00bbcircle\u00a0\u00bb saved_tabs=\u00a0\u00bball\u00a0\u00bb sticky_enabled=\u00a0\u00bb0&Prime;][et_pb_social_media_follow_network social_network=\u00a0\u00bbfacebook\u00a0\u00bb url=\u00a0\u00bbhttps:\/\/www.facebook.com\/noesis.annecy\/\u00a0\u00bb _builder_version=\u00a0\u00bb3.0.74&Prime; background_color=\u00a0\u00bb#000000&Prime; bg_color=\u00a0\u00bb#000000&Prime; link_shape=\u00a0\u00bbcircle\u00a0\u00bb follow_button=\u00a0\u00bboff\u00a0\u00bb url_new_window=\u00a0\u00bbon\u00a0\u00bb] Facebook [\/et_pb_social_media_follow_network][et_pb_social_media_follow_network social_network=\u00a0\u00bbpinterest\u00a0\u00bb url=\u00a0\u00bbhttps:\/\/fr.pinterest.com\/amandine_mermil\/?etslf=4587&#038;eq=mand\u00a0\u00bb _builder_version=\u00a0\u00bb3.0.74&Prime; background_color=\u00a0\u00bb#000000&Prime; bg_color=\u00a0\u00bb#000000&Prime; link_shape=\u00a0\u00bbcircle\u00a0\u00bb follow_button=\u00a0\u00bboff\u00a0\u00bb url_new_window=\u00a0\u00bbon\u00a0\u00bb] Pinterest [\/et_pb_social_media_follow_network][et_pb_social_media_follow_network social_network=\u00a0\u00bbinstagram\u00a0\u00bb background_color=\u00a0\u00bb#000000&Prime; _builder_version=\u00a0\u00bb4.9.9&Prime; _module_preset=\u00a0\u00bbdefault\u00a0\u00bb link_shape=\u00a0\u00bbcircle\u00a0\u00bb follow_button=\u00a0\u00bboff\u00a0\u00bb url_new_window=\u00a0\u00bbon\u00a0\u00bb url=\u00a0\u00bbhttps:\/\/www.instagram.com\/noesis_annecy\/\u00a0\u00bb background_enable_color=\u00a0\u00bbon\u00a0\u00bb hover_enabled=\u00a0\u00bb0&Prime; sticky_enabled=\u00a0\u00bb0&Prime;]instagram[\/et_pb_social_media_follow_network][\/et_pb_social_media_follow][\/et_pb_column][\/et_pb_row][\/et_pb_section]<\/p>\n","protected":false},"excerpt":{"rendered":"<p>&nbsp;<\/p>\n","protected":false},"author":1,"featured_media":0,"parent":0,"menu_order":0,"comment_status":"closed","ping_status":"closed","template":"","meta":{"_et_pb_use_builder":"on","_et_pb_old_content":"","_et_gb_content_width":"","_monsterinsights_skip_tracking":false,"_monsterinsights_sitenote_active":false,"_monsterinsights_sitenote_note":"","_monsterinsights_sitenote_category":0,"footnotes":""},"class_list":["post-223","page","type-page","status-publish","hentry"],"yoast_head":"<!-- This site is optimized with the Yoast SEO plugin v27.4 - https:\/\/yoast.com\/product\/yoast-seo-wordpress\/ -->\n<title>JOURNAL | NOESIS | L&#039;actu de l&#039;agence | des DIY | Inspiration d\u00e9co | Annecy<\/title>\n<meta name=\"description\" content=\"Venez d\u00e9couvrir des beaux int\u00e9rieurs, des actualit\u00e9s, des nouvelles tendances, des DIY, des inspirations et plein d&#039;astuces d\u00e9co!\" \/>\n<meta name=\"robots\" content=\"index, follow, max-snippet:-1, max-image-preview:large, max-video-preview:-1\" \/>\n<link rel=\"canonical\" href=\"https:\/\/archi-noesis.fr\/index.php\/journal-annecy-diy-inspiration-geneve\/\" \/>\n<meta property=\"og:locale\" content=\"fr_FR\" \/>\n<meta property=\"og:type\" content=\"article\" \/>\n<meta property=\"og:title\" content=\"JOURNAL | NOESIS | L&#039;actu de l&#039;agence | des DIY | Inspiration d\u00e9co | Annecy\" \/>\n<meta property=\"og:description\" content=\"Venez d\u00e9couvrir des beaux int\u00e9rieurs, des actualit\u00e9s, des nouvelles tendances, des DIY, des inspirations et plein d&#039;astuces d\u00e9co!\" \/>\n<meta property=\"og:url\" content=\"https:\/\/archi-noesis.fr\/index.php\/journal-annecy-diy-inspiration-geneve\/\" \/>\n<meta property=\"og:site_name\" content=\"NOESIS\" \/>\n<meta property=\"article:publisher\" content=\"https:\/\/www.facebook.com\/noesis.annecy\/?fref=ts\" \/>\n<meta property=\"article:modified_time\" content=\"2021-07-20T15:50:38+00:00\" \/>\n<meta name=\"twitter:card\" content=\"summary_large_image\" \/>\n<meta name=\"twitter:label1\" content=\"Dur\u00e9e de lecture estim\u00e9e\" \/>\n\t<meta name=\"twitter:data1\" content=\"3 minutes\" \/>\n<script type=\"application\/ld+json\" class=\"yoast-schema-graph\">{\"@context\":\"https:\\\/\\\/schema.org\",\"@graph\":[{\"@type\":\"WebPage\",\"@id\":\"https:\\\/\\\/archi-noesis.fr\\\/index.php\\\/journal-annecy-diy-inspiration-geneve\\\/\",\"url\":\"https:\\\/\\\/archi-noesis.fr\\\/index.php\\\/journal-annecy-diy-inspiration-geneve\\\/\",\"name\":\"JOURNAL | NOESIS | L'actu de l'agence | des DIY | Inspiration d\u00e9co | Annecy\",\"isPartOf\":{\"@id\":\"https:\\\/\\\/archi-noesis.fr\\\/#website\"},\"datePublished\":\"2016-11-16T08:44:35+00:00\",\"dateModified\":\"2021-07-20T15:50:38+00:00\",\"description\":\"Venez d\u00e9couvrir des beaux int\u00e9rieurs, des actualit\u00e9s, des nouvelles tendances, des DIY, des inspirations et plein d'astuces d\u00e9co!\",\"breadcrumb\":{\"@id\":\"https:\\\/\\\/archi-noesis.fr\\\/index.php\\\/journal-annecy-diy-inspiration-geneve\\\/#breadcrumb\"},\"inLanguage\":\"fr-FR\",\"potentialAction\":[{\"@type\":\"ReadAction\",\"target\":[\"https:\\\/\\\/archi-noesis.fr\\\/index.php\\\/journal-annecy-diy-inspiration-geneve\\\/\"]}]},{\"@type\":\"BreadcrumbList\",\"@id\":\"https:\\\/\\\/archi-noesis.fr\\\/index.php\\\/journal-annecy-diy-inspiration-geneve\\\/#breadcrumb\",\"itemListElement\":[{\"@type\":\"ListItem\",\"position\":1,\"name\":\"Accueil\",\"item\":\"https:\\\/\\\/archi-noesis.fr\\\/\"},{\"@type\":\"ListItem\",\"position\":2,\"name\":\"JOURNAL\"}]},{\"@type\":\"WebSite\",\"@id\":\"https:\\\/\\\/archi-noesis.fr\\\/#website\",\"url\":\"https:\\\/\\\/archi-noesis.fr\\\/\",\"name\":\"NOESIS\",\"description\":\"ARCHITECTURE ANNECY\",\"publisher\":{\"@id\":\"https:\\\/\\\/archi-noesis.fr\\\/#organization\"},\"potentialAction\":[{\"@type\":\"SearchAction\",\"target\":{\"@type\":\"EntryPoint\",\"urlTemplate\":\"https:\\\/\\\/archi-noesis.fr\\\/?s={search_term_string}\"},\"query-input\":{\"@type\":\"PropertyValueSpecification\",\"valueRequired\":true,\"valueName\":\"search_term_string\"}}],\"inLanguage\":\"fr-FR\"},{\"@type\":\"Organization\",\"@id\":\"https:\\\/\\\/archi-noesis.fr\\\/#organization\",\"name\":\"NOESIS\",\"url\":\"https:\\\/\\\/archi-noesis.fr\\\/\",\"logo\":{\"@type\":\"ImageObject\",\"inLanguage\":\"fr-FR\",\"@id\":\"https:\\\/\\\/archi-noesis.fr\\\/#\\\/schema\\\/logo\\\/image\\\/\",\"url\":\"https:\\/\\/archi-noesis.fr\\/wp-content\\/uploads\\/2025\\/06\\/cropped-CDV-NOESIS-recto-noir-carre-tet.jpg\",\"contentUrl\":\"https:\\/\\/archi-noesis.fr\\/wp-content\\/uploads\\/2025\\/06\\/cropped-CDV-NOESIS-recto-noir-carre-tet.jpg\",\"width\":512,\"height\":512,\"caption\":\"NOESIS\"},\"image\":{\"@id\":\"https:\\\/\\\/archi-noesis.fr\\\/#\\\/schema\\\/logo\\\/image\\\/\"},\"sameAs\":[\"https:\\\/\\\/www.facebook.com\\\/noesis.annecy\\\/?fref=ts\",\"https:\\\/\\\/www.instagram.com\\\/noesis_annecy\\\/\",\"https:\\\/\\\/www.linkedin.com\\\/company\\\/13240699?trk=tyah&amp;amp;amp;trkInfo=clickedVertical:company,clickedEntityId:13240699,idx:2-1-2,tarId:1481877915671,tas:noesis, archi\",\"https:\\\/\\\/fr.pinterest.com\\\/amandine_mermil\\\/?etslf=4587&amp;amp;amp;eq=mand\"]}]}<\/script>\n<!-- \/ Yoast SEO plugin. -->","yoast_head_json":{"title":"JOURNAL | NOESIS | L'actu de l'agence | des DIY | Inspiration d\u00e9co | Annecy","description":"Venez d\u00e9couvrir des beaux int\u00e9rieurs, des actualit\u00e9s, des nouvelles tendances, des DIY, des inspirations et plein d'astuces d\u00e9co!","robots":{"index":"index","follow":"follow","max-snippet":"max-snippet:-1","max-image-preview":"max-image-preview:large","max-video-preview":"max-video-preview:-1"},"canonical":"https:\/\/archi-noesis.fr\/index.php\/journal-annecy-diy-inspiration-geneve\/","og_locale":"fr_FR","og_type":"article","og_title":"JOURNAL | NOESIS | L'actu de l'agence | des DIY | Inspiration d\u00e9co | Annecy","og_description":"Venez d\u00e9couvrir des beaux int\u00e9rieurs, des actualit\u00e9s, des nouvelles tendances, des DIY, des inspirations et plein d'astuces d\u00e9co!","og_url":"https:\/\/archi-noesis.fr\/index.php\/journal-annecy-diy-inspiration-geneve\/","og_site_name":"NOESIS","article_publisher":"https:\/\/www.facebook.com\/noesis.annecy\/?fref=ts","article_modified_time":"2021-07-20T15:50:38+00:00","twitter_card":"summary_large_image","twitter_misc":{"Dur\u00e9e de lecture estim\u00e9e":"3 minutes"},"schema":{"@context":"https:\/\/schema.org","@graph":[{"@type":"WebPage","@id":"https:\/\/archi-noesis.fr\/index.php\/journal-annecy-diy-inspiration-geneve\/","url":"https:\/\/archi-noesis.fr\/index.php\/journal-annecy-diy-inspiration-geneve\/","name":"JOURNAL | NOESIS | L'actu de l'agence | des DIY | Inspiration d\u00e9co | Annecy","isPartOf":{"@id":"https:\/\/archi-noesis.fr\/#website"},"datePublished":"2016-11-16T08:44:35+00:00","dateModified":"2021-07-20T15:50:38+00:00","description":"Venez d\u00e9couvrir des beaux int\u00e9rieurs, des actualit\u00e9s, des nouvelles tendances, des DIY, des inspirations et plein d'astuces d\u00e9co!","breadcrumb":{"@id":"https:\/\/archi-noesis.fr\/index.php\/journal-annecy-diy-inspiration-geneve\/#breadcrumb"},"inLanguage":"fr-FR","potentialAction":[{"@type":"ReadAction","target":["https:\/\/archi-noesis.fr\/index.php\/journal-annecy-diy-inspiration-geneve\/"]}]},{"@type":"BreadcrumbList","@id":"https:\/\/archi-noesis.fr\/index.php\/journal-annecy-diy-inspiration-geneve\/#breadcrumb","itemListElement":[{"@type":"ListItem","position":1,"name":"Accueil","item":"https:\/\/archi-noesis.fr\/"},{"@type":"ListItem","position":2,"name":"JOURNAL"}]},{"@type":"WebSite","@id":"https:\/\/archi-noesis.fr\/#website","url":"https:\/\/archi-noesis.fr\/","name":"NOESIS","description":"ARCHITECTURE ANNECY","publisher":{"@id":"https:\/\/archi-noesis.fr\/#organization"},"potentialAction":[{"@type":"SearchAction","target":{"@type":"EntryPoint","urlTemplate":"https:\/\/archi-noesis.fr\/?s={search_term_string}"},"query-input":{"@type":"PropertyValueSpecification","valueRequired":true,"valueName":"search_term_string"}}],"inLanguage":"fr-FR"},{"@type":"Organization","@id":"https:\/\/archi-noesis.fr\/#organization","name":"NOESIS","url":"https:\/\/archi-noesis.fr\/","logo":{"@type":"ImageObject","inLanguage":"fr-FR","@id":"https:\/\/archi-noesis.fr\/#\/schema\/logo\/image\/","url":"https:\/\/mlgpk8tviv7p.i.optimole.com\/cb:DBC0.779\/w:auto\/h:auto\/q:mauto\/f:best\/https:\/\/archi-noesis.fr\/wp-content\/uploads\/2025\/06\/cropped-CDV-NOESIS-recto-noir-carre-tet.jpg","contentUrl":"https:\/\/mlgpk8tviv7p.i.optimole.com\/cb:DBC0.779\/w:auto\/h:auto\/q:mauto\/f:best\/https:\/\/archi-noesis.fr\/wp-content\/uploads\/2025\/06\/cropped-CDV-NOESIS-recto-noir-carre-tet.jpg","width":512,"height":512,"caption":"NOESIS"},"image":{"@id":"https:\/\/archi-noesis.fr\/#\/schema\/logo\/image\/"},"sameAs":["https:\/\/www.facebook.com\/noesis.annecy\/?fref=ts","https:\/\/www.instagram.com\/noesis_annecy\/","https:\/\/www.linkedin.com\/company\/13240699?trk=tyah&amp;amp;amp;trkInfo=clickedVertical:company,clickedEntityId:13240699,idx:2-1-2,tarId:1481877915671,tas:noesis, archi","https:\/\/fr.pinterest.com\/amandine_mermil\/?etslf=4587&amp;amp;amp;eq=mand"]}]}},"jetpack_sharing_enabled":true,"_links":{"self":[{"href":"https:\/\/archi-noesis.fr\/index.php\/wp-json\/wp\/v2\/pages\/223","targetHints":{"allow":["GET"]}}],"collection":[{"href":"https:\/\/archi-noesis.fr\/index.php\/wp-json\/wp\/v2\/pages"}],"about":[{"href":"https:\/\/archi-noesis.fr\/index.php\/wp-json\/wp\/v2\/types\/page"}],"author":[{"embeddable":true,"href":"https:\/\/archi-noesis.fr\/index.php\/wp-json\/wp\/v2\/users\/1"}],"replies":[{"embeddable":true,"href":"https:\/\/archi-noesis.fr\/index.php\/wp-json\/wp\/v2\/comments?post=223"}],"version-history":[{"count":34,"href":"https:\/\/archi-noesis.fr\/index.php\/wp-json\/wp\/v2\/pages\/223\/revisions"}],"predecessor-version":[{"id":10177,"href":"https:\/\/archi-noesis.fr\/index.php\/wp-json\/wp\/v2\/pages\/223\/revisions\/10177"}],"wp:attachment":[{"href":"https:\/\/archi-noesis.fr\/index.php\/wp-json\/wp\/v2\/media?parent=223"}],"curies":[{"name":"wp","href":"https:\/\/api.w.org\/{rel}","templated":true}]}}